sands digit of 30539?
3
What is the tens digit of 19897?
9
What is the thousands digit of 44737?
4
What is the units digit of 7627?
7
What is the thousands digit of 56573?
6
What is the tens digit of 35?
3
What is the units digit of 73677?
7
What is the units digit of 2669?
9
What is the thousands digit of 20509?
0
What is the hundreds digit of 12560?
5
What is the units digit of 820?
0
What is the units digit of 7075?
5
What is the tens digit of 300?
0
What is the thousands digit of 11835?
1
What is the thousands digit of 1000?
1
What is the tens digit of 4016?
1
What is the units digit of 2358?
8
What is the units digit of 377?
7
What is the thousands digit of 13562?
3
What is the hundreds digit of 331?
3
What is the tens digit of 1048?
4
What is the ten thousands digit of 34215?
3
What is the tens digit of 113522?
2
What is the hundreds digit of 1101?
1
What is the ten thousands digit of 27407?
2
What is the hundreds digit of 956?
9
What is the units digit of 5990?
0
What is the units digit of 11565?
5
What is the tens digit of 12856?
5
What is the thousands digit of 5191?
5
What is the hundreds digit of 2643?
6
What is the thousands digit of 118823?
8
What is the hundreds digit of 205?
2
What is the tens digit of 5068?
6
What is the tens digit of 1258?
5
What is the hundreds digit of 7156?
1
What is the hundreds digit of 7203?
2
What is the thousands digit of 7704?
7
What is the tens digit of 756?
5
What is the thousands digit of 64650?
4
What is the tens digit of 2222?
2
What is the units digit of 487?
7
What is the hundreds digit of 39747?
7
What is the hundreds digit of 1775?
7
What is the units digit of 10977?
7
What is the tens digit of 966?
6
What is the units digit of 231?
1
What is the hundreds digit of 1899?
8
What is the tens digit of 15646?
4
What is the tens digit of 8372?
7
What is the tens digit of 17386?
8
What is the units digit of 7162?
2
What is the tens digit of 5678?
7
What is the hundreds digit of 24114?
1
What is the tens digit of 584?
8
What is the tens digit of 76912?
1
What is the units digit of 2947?
7
What is the tens digit of 1979?
7
What is the hundreds digit of 19628?
6
What is the hundreds digit of 1780?
7
What is the hundreds digit of 4012?
0
What is the hundreds digit of 28001?
0
What is the units digit of 1124?
4
What is the ten thousands digit of 43232?
4
What is the units digit of 45562?
2
What is the hundreds digit of 1715?
7
What is the thousands digit of 9458?
9
What is the tens digit of 1153?
5
What is the tens digit of 3743?
4
What is the hundreds digit of 31927?
9
What is the hundreds digit of 3475?
4
What is the tens digit of 881?
8
What is the units digit of 3052?
2
What is the units digit of 4122?
2
What is the tens digit of 86844?
4
What is the thousands digit of 6709?
6
What is the ten thousands digit of 14186?
1
What is the tens digit of 5306?
0
What is the tens digit of 2955?
5
What is the thousands digit of 14686?
4
What is the thousands digit of 37987?
7
What is the hundreds digit of 541?
5
What is the tens digit of 22756?
5
What is the tens digit of 4876?
7
What is the hundreds digit of 1026?
0
What is the tens digit of 108662?
6
What is the units digit of 5970?
0
What is the tens digit of 2094?
9
What is the tens digit of 86970?
7
What is the hundreds digit of 1827?
8
What is the ten thousands digit of 29120?
2
What is the hundreds digit of 2455?
4
What is the ten thousands digit of 29913?
2
What is the thousands digit of 13496?
3
What is the tens digit of 1931?
3
What is the tens digit of 49897?
9
What is the thousands digit of 16825?
6
What is the hundreds digit of 43460?
4
What is the hundreds digit of 25296?
2
What is the tens digit of 439?
3
What is the hundreds digit of 1446?
4
What is the units digit of 493?
3
What is the ten thousands digit of 30214?
3
What is the thousands digit of 7964?
7
What is the units digit of 38039?
9
What is the hundreds digit of 45692?
6
What is the thousands digit of 2757?
2
What is the tens digit of 36356?
5
What is the hundreds digit of 16551?
5
What is the thousands digit of 10999?
0
What is the thousands digit of 4390?
4
What is the hundreds digit of 50592?
5
What is the thousands digit of 6487?
6
What is the tens digit of 926?
2
What is the units digit of 10845?
5
What is the units digit of 14347?
7
What is the units digit of 231?
1
What is the hundreds digit of 1977?
9
What is the units digit of 580?
0
What is the thousands digit of 2442?
2
What is the units digit of 1332?
2
What is the units digit of 41039?
9
What is the hundreds digit of 643?
6
What is the thousands digit of 1163?
1
What is the units digit of 95?
5
What is the ten thousands digit of 10482?
1
What is the units digit of 686?
6
What is the units digit of 2021?
1
What is the units digit of 1941?
1
What is the units digit of 23636?
6
What is the tens digit of 651?
5
What is the hundreds digit of 7303?
3
What is the thousands digit of 115515?
5
What is the units digit of 589?
9
What is the tens digit of 2567?
6
What is the ten thousands digit of 67939?
6
What is the ten thousands digit of 16743?
1
What is the units digit of 52549?
9
What is the tens digit of 10329?
2
What is the thousands digit of 1328?
1
What is the hundreds digit of 25219?
2
What is the units digit of 1050?
0
What is the hundreds digit of 2571?
5
What is the tens digit of 1135?
3
What is the thousands digit of 17625?
7
What is the tens digit of 1650?
5
What is the ten thousands digit of 26996?
2
What is the tens digit of 725?
2
What is the hundreds digit of 8856?
8
What is the units digit of 2314?
4
What is the thousands digit of 1272?
1
What is the units digit of 19058?
8
What is the hundreds digit of 1672?
6
What is the hundreds digit of 68595?
5
What is the hundreds digit of 1890?
8
What is the tens digit of 804?
0
What is the thousands digit of 4072?
4
What is the tens digit of 17105?
0
What is the units digit of 391?
1
What is the ten thousands digit of 16134?
1
What is the tens digit of 942?
4
What is the ten thousands digit of 34933?
3
What is the tens digit of 14919?
1
What is the tens digit of 1099?
9
What is the tens digit of 40?
4
What is the ten thousands digit of 27911?
2
What is the thousands digit of 17220?
7
What is the hundreds digit of 9407?
4
What is the tens digit of 6372?
7
What is the tens digit of 5155?
5
What is the tens digit of 1416?
1
What is the units digit of 165580?
0
What is the tens digit of 64438?
3
What is the tens digit of 182282?
8
What is the hundreds digit of 2571?
5
What is the thousands digit of 33363?
3
What is the tens digit of 4077?
7
What is the units digit of 1660?
0
What is the tens digit of 2597?
9
What is the thousands digit of 3018?
3
What is the tens digit of 3016?
1
What is the thousands digit of 7238?
7
What is the units digit of 891?
1
What is the thousands digit of 7852?
7
What is the units digit of 3826?
6
What is the hundreds digit of 17502?
5
What is the thousands digit of 2487?
2
What is the thousands digit of 2031?
2
What is the tens digit of 5459?
5
What is the thousands digit of 23455?
3
What is the hundreds digit of 4282?
2
What is the tens digit of 11108?
0
What is the units digit of 1560?
0
What is the hundreds digit of 3649?
6
What is the units digit of 19234?
4
What is the hundreds digit of 69958?
9
What is the units digit of 81790?
0
What is the tens digit of 2014?
1
What is the units digit of 1606?
6
What is the thousands digit of 5759?
5
What is the thousands digit of 4842?
4
What is the units digit of 74921?
1
What is the hundreds digit of 1849?
8
What is the units digit of 10768?
8
What is the thousands digit of 1388?
1
What is the tens digit of 16314?
1
What is the tens digit of 11?
1
What is the units digit of 1073?
3
What is the hundreds digit of 1609?
6
What is the units digit of 2936?
6
What is the tens digit of 5854?
5
What is the thousands digit of 4918?
4
What is the units digit of 6422?
2
What is the hundreds digit of 1409?
4
What is the thousands digit of 15049?
5
What is the tens digit of 70715?
1
What is the tens digit of 15014?
1
What is the thousands digit of 1804?
1
What is the thousands digit of 9589?
9
What is the units digit of 1416?
6
What is the units digit of 98364?
4
What is the tens digit of 559?
5
What is the thousan